{"id":4693,"date":"2023-07-03T21:43:45","date_gmt":"2023-07-03T21:43:45","guid":{"rendered":"https:\/\/www.urexport.com.uy\/?page_id=4693"},"modified":"2023-07-07T18:33:17","modified_gmt":"2023-07-07T18:33:17","slug":"productos","status":"publish","type":"page","link":"https:\/\/www.urexport.com.uy\/?page_id=4693","title":{"rendered":"Productos"},"content":{"rendered":"<p>[vc_row tm_bgcolor=&#8221;grey&#8221; tm_bgimagefixed=&#8221;&#8221; break_in_responsive=&#8221;991&#8243; full_width=&#8221;stretch_row&#8221; tm_responsive_css=&#8221;10323992|colbreak_no|||||||||colbreak_no|||||20px||25px||colbreak_no||||||||||colbreak_no|||||||||&#8221; css=&#8221;.vc_custom_1688423001834{padding-top: 75px !important;padding-bottom: 30px !important;background-color: #ffffff !important;}&#8221; el_id=&#8221;productos&#8221;][vc_column][vc_row_inner][vc_column_inner width=&#8221;1\/2&#8243;][vc_single_image image=&#8221;4697&#8243; img_size=&#8221;full&#8221; css_animation=&#8221;bottom-to-top&#8221;][\/vc_column_inner][vc_column_inner width=&#8221;1\/2&#8243;]<div class=\"tm-element-heading-wrapper tm-heading-inner tm-element-align-left tm-seperator-none tm-heading-style-vertical \"><section class=\"tm-vc_cta3-container\"><div class=\"tm-vc_general tm-vc_cta3 tm-cta3-only tm-vc_cta3-style-classic tm-vc_cta3-shape-rounded tm-vc_cta3-align-left tm-vc_cta3-color-transparent tm-vc_cta3-icon-size-md tm-vc_cta3-actions-no tm-cta3-without-desc\"><div class=\"tm-vc_cta3_content-container\"><div class=\"tm-vc_cta3-content\"><header class=\"tm-vc_cta3-content-header tm-wrap\"><div class=\"tm-vc_cta3-headers tm-wrap-cell\"><h4 class=\"tm-custom-heading \" >Pesca<\/h4>\n<h2 class=\"tm-custom-heading \" >Productos<\/h2>\n<\/div><\/header><\/div><\/div><\/div><\/section><\/div> <!-- .tm-element-heading-wrapper container --> [vc_column_text]Desde el mar hasta su mesa, KRIOS ofrece\u00a0 garant\u00eda certificada de naturaleza y calidad.[\/vc_column_text]\n\t\t<div class=\"tm-vc_btn3-container tm-vc_btn3-inline\"><a style=\"background-color:#cd2a2c; color:#ffffff;\" class=\"tm-vc_general tm-vc_btn3 tm-vc_btn3-size-md tm-vc_btn3-shape-round tm-vc_btn3-style-custom tm-vc_btn3-weight-no\" href=\"https:\/\/www.urexport.com.uy\/wp-content\/uploads\/2023\/07\/brochure-krios.pdf\" title=\"\" target=\"_blank\">Descargar Brochure<\/a><\/div>[vc_column_text]<\/p>\n<h4>Corvina:<\/h4>\n<p>[\/vc_column_text][vc_column_text]La especie <em>Micropogonias furnieri <\/em>pertenece a la familia de peces Scianidae. Capturada en las aguas fr\u00edas del R\u00edo de la Plata y del Oceano Atl\u00e1ntico Sur, la Corvina es un pescado silvestre con un contenido nutricional rico en \u00e1cidos grasos Omega 3.<\/p>\n<p>Se destaca por tener una carne deliciosa y suave, sabor agradable y particular, y un aspecto brillante y atractivo; cualidades que hacen de la corvina la especie m\u00e1s apreciada y demandada de Uruguay.<\/p>\n<p>Es procesada y congelada, tanto entera, eviscerada, HG o en filetes.[\/vc_column_text][vc_empty_space height=&#8221;30px&#8221;][\/vc_column_inner][\/vc_row_inner][vc_row_inner css=&#8221;.vc_custom_1648572982196{padding-top: 30px !important;}&#8221;][vc_column_inner width=&#8221;1\/3&#8243;][vc_single_image image=&#8221;4701&#8243; img_size=&#8221;full&#8221; onclick=&#8221;link_image&#8221;][vc_column_text]<\/p>\n<h4 style=\"text-align: center;\"><span class=\"tm-list-li-content\">Corvina eviscerada<\/span><\/h4>\n<p style=\"text-align: center;\"><em>Micropogonias furnieri<\/em><\/p>\n<p>[\/vc_column_text][vc_empty_space height=&#8221;40px&#8221;][\/vc_column_inner][vc_column_inner width=&#8221;1\/3&#8243;][vc_single_image image=&#8221;4702&#8243; img_size=&#8221;full&#8221; onclick=&#8221;link_image&#8221;][vc_column_text]<\/p>\n<h4 style=\"text-align: center;\"><span class=\"tm-list-li-content\">Corvina HG<\/span><\/h4>\n<p style=\"text-align: center;\"><em>Micropogonias furnieri<\/em><\/p>\n<p>[\/vc_column_text][vc_empty_space height=&#8221;40px&#8221;][\/vc_column_inner][vc_column_inner width=&#8221;1\/3&#8243;][vc_single_image image=&#8221;4703&#8243; img_size=&#8221;full&#8221; onclick=&#8221;link_image&#8221;][vc_column_text]<\/p>\n<h4 style=\"text-align: center;\"><span class=\"tm-list-li-content\">Filete de corvina congelada<\/span><\/h4>\n<p style=\"text-align: center;\"><em>Micropogonias furnieri<\/em><\/p>\n<p>[\/vc_column_text][vc_empty_space height=&#8221;40px&#8221;][\/vc_column_inner][\/vc_row_inner][vc_column_text]<\/p>\n<h4>L\u00edneas de producci\u00f3n:<\/h4>\n<p>[\/vc_column_text][vc_column_text]Urexport S.A. procesa una amplia variedad de especies y productos como: pescados enteros eviscerados, HGT, HG, postas, lomos, filetes y aletas entre otros.<\/p>\n<p>Adem\u00e1s de sus l\u00edneas de producci\u00f3n est\u00e1ndar, los tipos de congelaci\u00f3n y envasado tambi\u00e9n se\u00a0 adaptan a las necesidades y requerimientos de los clientes.[\/vc_column_text][\/vc_column][\/vc_row][vc_row tm_bgimagefixed=&#8221;&#8221; break_in_responsive=&#8221;991&#8243; full_width=&#8221;stretch_row&#8221; tm_responsive_css=&#8221;86881972|colbreak_no|||||||||colbreak_no|0px||||50px||90px||colbreak_no||||||||||colbreak_no|||||||||&#8221; css=&#8221;.vc_custom_1633379640131{padding-top: -100px !important;padding-bottom: 30px !important;background-position: 0 0 !important;background-repeat: repeat !important;}&#8221;][vc_column]<div class=\"tm-element-heading-wrapper tm-heading-inner tm-element-align-center tm-seperator-none tm-heading-style-vertical  vc_custom_1633360962057\"><section class=\"tm-vc_cta3-container\"><div class=\"tm-vc_general tm-vc_cta3 tm-cta3-only tm-vc_cta3-style-classic tm-vc_cta3-shape-rounded tm-vc_cta3-align-center tm-vc_cta3-color-transparent tm-vc_cta3-icon-size-md tm-vc_cta3-actions-no tm-cta3-without-desc\"><div class=\"tm-vc_cta3_content-container\"><div class=\"tm-vc_cta3-content\"><header class=\"tm-vc_cta3-content-header tm-wrap\"><div class=\"tm-vc_cta3-headers tm-wrap-cell\"><h4 class=\"tm-custom-heading \" >M\u00e1xima calidad<\/h4>\n<h2 class=\"tm-custom-heading \" >M\u00e1s variedades<\/h2>\n<\/div><\/header><\/div><\/div><\/div><\/section><\/div> <!-- .tm-element-heading-wrapper container --> [vc_empty_space height=&#8221;30px&#8221;][vc_row_inner][vc_column_inner width=&#8221;1\/3&#8243;][vc_single_image image=&#8221;4706&#8243; img_size=&#8221;full&#8221; onclick=&#8221;link_image&#8221;][vc_column_text]<\/p>\n<h4 style=\"text-align: center;\"><span class=\"tm-list-li-content\">Anchoa<br \/>\n<\/span><\/h4>\n<p style=\"text-align: center;\"><em>Pomatomus saltatrix<\/em><\/p>\n<p>[\/vc_column_text][vc_empty_space height=&#8221;40px&#8221;][\/vc_column_inner][vc_column_inner width=&#8221;1\/3&#8243;][vc_single_image image=&#8221;4707&#8243; img_size=&#8221;full&#8221; onclick=&#8221;link_image&#8221;][vc_column_text]<\/p>\n<h4 style=\"text-align: center;\"><span class=\"tm-list-li-content\">Bagre<\/span><\/h4>\n<p style=\"text-align: center;\"><em>Genidens barbus<\/em><\/p>\n<p>[\/vc_column_text][vc_empty_space height=&#8221;40px&#8221;][\/vc_column_inner][vc_column_inner width=&#8221;1\/3&#8243;][vc_single_image image=&#8221;4708&#8243; img_size=&#8221;full&#8221; onclick=&#8221;link_image&#8221;][vc_column_text]<\/p>\n<h4 style=\"text-align: center;\"><span class=\"tm-list-li-content\">Besugo<\/span><\/h4>\n<p style=\"text-align: center;\"><em>Pagrus pagrus<\/em><\/p>\n<p>[\/vc_column_text][vc_empty_space height=&#8221;40px&#8221;][\/vc_column_inner][\/vc_row_inner][vc_row_inner][vc_column_inner width=&#8221;1\/3&#8243;][vc_single_image image=&#8221;4709&#8243; img_size=&#8221;full&#8221; onclick=&#8221;link_image&#8221;][vc_column_text]<\/p>\n<h4 style=\"text-align: center;\"><span class=\"tm-list-li-content\">Caballa<\/span><\/h4>\n<p style=\"text-align: center;\"><em>Scomber japonicus<\/em><\/p>\n<p>[\/vc_column_text][vc_empty_space height=&#8221;40px&#8221;][\/vc_column_inner][vc_column_inner width=&#8221;1\/3&#8243;][vc_single_image image=&#8221;4710&#8243; img_size=&#8221;full&#8221; onclick=&#8221;link_image&#8221;][vc_column_text]<\/p>\n<h4 style=\"text-align: center;\"><span class=\"tm-list-li-content\">Caste\u00f1eta<\/span><\/h4>\n<p style=\"text-align: center;\"><em>Nemadactylus bergi<\/em><\/p>\n<p>[\/vc_column_text][vc_empty_space height=&#8221;40px&#8221;][\/vc_column_inner][vc_column_inner width=&#8221;1\/3&#8243;][vc_single_image image=&#8221;4711&#8243; img_size=&#8221;full&#8221; onclick=&#8221;link_image&#8221;][vc_column_text]<\/p>\n<h4 style=\"text-align: center;\"><span class=\"tm-list-li-content\">Caz\u00f3n<\/span><\/h4>\n<p style=\"text-align: center;\"><em>Galeorhinus galeus<\/em><\/p>\n<p>[\/vc_column_text][vc_empty_space height=&#8221;40px&#8221;][\/vc_column_inner][\/vc_row_inner][vc_row_inner][vc_column_inner width=&#8221;1\/3&#8243;][vc_single_image image=&#8221;4712&#8243; img_size=&#8221;full&#8221; onclick=&#8221;link_image&#8221;][vc_column_text]<\/p>\n<h4 style=\"text-align: center;\"><span class=\"tm-list-li-content\">Corvina Negra<br \/>\n<\/span><\/h4>\n<p style=\"text-align: center;\"><em>Pogonias cromis<\/em><\/p>\n<p>[\/vc_column_text][vc_empty_space height=&#8221;40px&#8221;][\/vc_column_inner][vc_column_inner width=&#8221;1\/3&#8243;][vc_single_image image=&#8221;4713&#8243; img_size=&#8221;full&#8221; onclick=&#8221;link_image&#8221;][vc_column_text]<\/p>\n<h4 style=\"text-align: center;\"><span class=\"tm-list-li-content\">Lacha<\/span><\/h4>\n<p style=\"text-align: center;\"><em>Brevoortia aurea<\/em><\/p>\n<p>[\/vc_column_text][vc_empty_space height=&#8221;40px&#8221;][\/vc_column_inner][vc_column_inner width=&#8221;1\/3&#8243;][vc_single_image image=&#8221;4714&#8243; img_size=&#8221;full&#8221; onclick=&#8221;link_image&#8221;][vc_column_text]<\/p>\n<h4 style=\"text-align: center;\"><span class=\"tm-list-li-content\">Lisa<br \/>\n<\/span><\/h4>\n<p style=\"text-align: center;\"><em>Mugil platanus<\/em><\/p>\n<p>[\/vc_column_text][vc_empty_space height=&#8221;40px&#8221;][\/vc_column_inner][\/vc_row_inner][vc_row_inner][vc_column_inner width=&#8221;1\/3&#8243;][vc_single_image image=&#8221;4715&#8243; img_size=&#8221;full&#8221; onclick=&#8221;link_image&#8221;][vc_column_text]<\/p>\n<h4 style=\"text-align: center;\"><span class=\"tm-list-li-content\">Palometa<\/span><\/h4>\n<p style=\"text-align: center;\"><em>Parona signata<\/em><\/p>\n<p>[\/vc_column_text][vc_empty_space height=&#8221;40px&#8221;][\/vc_column_inner][vc_column_inner width=&#8221;1\/3&#8243;][vc_single_image image=&#8221;4716&#8243; img_size=&#8221;full&#8221; onclick=&#8221;link_image&#8221;][vc_column_text]<\/p>\n<h4 style=\"text-align: center;\"><span class=\"tm-list-li-content\">Pargo<br \/>\n<\/span><\/h4>\n<p style=\"text-align: center;\"><em>Umbrina canosai<\/em><\/p>\n<p>[\/vc_column_text][vc_empty_space height=&#8221;40px&#8221;][\/vc_column_inner][vc_column_inner width=&#8221;1\/3&#8243;][vc_single_image image=&#8221;4717&#8243; img_size=&#8221;full&#8221; onclick=&#8221;link_image&#8221;][vc_column_text]<\/p>\n<h4 style=\"text-align: center;\"><span class=\"tm-list-li-content\">Pescadilla calada<br \/>\n<\/span><\/h4>\n<p style=\"text-align: center;\"><em>Cynoscion guatucupa<\/em><\/p>\n<p>[\/vc_column_text][vc_empty_space height=&#8221;40px&#8221;][\/vc_column_inner][\/vc_row_inner][vc_row_inner][vc_column_inner width=&#8221;1\/3&#8243;][vc_single_image image=&#8221;4718&#8243; img_size=&#8221;full&#8221; onclick=&#8221;link_image&#8221;][vc_column_text]<\/p>\n<h4 style=\"text-align: center;\"><span class=\"tm-list-li-content\">Pescadilla de red<br \/>\n<\/span><\/h4>\n<p style=\"text-align: center;\"><em>Macrodon ancylodon<\/em><\/p>\n<p>[\/vc_column_text][vc_empty_space height=&#8221;40px&#8221;][\/vc_column_inner][vc_column_inner width=&#8221;1\/3&#8243;][vc_single_image image=&#8221;4738&#8243; img_size=&#8221;full&#8221; onclick=&#8221;link_image&#8221;][vc_column_text]<\/p>\n<h4 style=\"text-align: center;\"><span class=\"tm-list-li-content\">Raya<\/span><\/h4>\n<p style=\"text-align: center;\"><em>Dipturus chilensis<\/em><\/p>\n<p>[\/vc_column_text][vc_empty_space height=&#8221;40px&#8221;][\/vc_column_inner][vc_column_inner width=&#8221;1\/3&#8243;][vc_single_image image=&#8221;4720&#8243; img_size=&#8221;full&#8221; onclick=&#8221;link_image&#8221;][vc_column_text]<\/p>\n<h4 style=\"text-align: center;\"><span class=\"tm-list-li-content\">Aleta Raya<\/span><\/h4>\n<p style=\"text-align: center;\"><em>Dipturus chilensis<\/em><\/p>\n<p>[\/vc_column_text][vc_empty_space height=&#8221;40px&#8221;][\/vc_column_inner][\/vc_row_inner][vc_row_inner][vc_column_inner width=&#8221;1\/3&#8243;][vc_single_image image=&#8221;4721&#8243; img_size=&#8221;full&#8221; onclick=&#8221;link_image&#8221;][vc_column_text]<\/p>\n<h4 style=\"text-align: center;\"><span class=\"tm-list-li-content\">S\u00e1balo<\/span><\/h4>\n<p style=\"text-align: center;\"><em>Prochylodus lineatus<\/em><\/p>\n<p>[\/vc_column_text][vc_empty_space height=&#8221;40px&#8221;][\/vc_column_inner][vc_column_inner width=&#8221;1\/3&#8243;][vc_single_image image=&#8221;4722&#8243; img_size=&#8221;full&#8221; onclick=&#8221;link_image&#8221;][vc_column_text]<\/p>\n<h4 style=\"text-align: center;\"><span class=\"tm-list-li-content\">Sargo<\/span><\/h4>\n<p style=\"text-align: center;\"><em>Diplodus argenteus<\/em><\/p>\n<p>[\/vc_column_text][vc_empty_space height=&#8221;40px&#8221;][\/vc_column_inner][vc_column_inner width=&#8221;1\/3&#8243;][vc_single_image image=&#8221;4723&#8243; img_size=&#8221;full&#8221; onclick=&#8221;link_image&#8221;][vc_column_text]<\/p>\n<h4 style=\"text-align: center;\"><span class=\"tm-list-li-content\">Tibur\u00f3n<\/span><\/h4>\n<p style=\"text-align: center;\"><em>Prionace glauca<\/em><\/p>\n<p>[\/vc_column_text][vc_empty_space height=&#8221;40px&#8221;][\/vc_column_inner][\/vc_row_inner][\/vc_column][\/vc_row][vc_row tm_bgimagefixed=&#8221;&#8221; full_width=&#8221;stretch_row_content_no_spaces&#8221;][vc_column][vc_column_text]<span class=\"wpcf-shortcode-selectable\"><style id=\"wp_carousel_dynamic_css4724\">#sp-wp-carousel-free-id-4724.sp-wpcp-4724 .wpcp-single-item {border: 1px solid #dddddd;}#sp-wp-carousel-free-id-4724.nav-vertical-center {padding: 0;margin:0;}#sp-wp-carousel-free-id-4724 .wpcpro-row>[class*=\"wpcpro-col-\"] { padding: 0 10px; padding-bottom: 20px;}@media (min-width: 480px) { .wpcpro-row .wpcpro-col-sm-1 { flex: 0 0 100%; max-width: 100%; } .wpcpro-row .wpcpro-col-sm-2 { flex: 0 0 50%; max-width: 50%; } .wpcpro-row .wpcpro-col-sm-2-5 { flex: 0 0 75%; max-width: 75%; } .wpcpro-row .wpcpro-col-sm-3 { flex: 0 0 33.333%; max-width: 33.333%; } .wpcpro-row .wpcpro-col-sm-4 { flex: 0 0 25%; max-width: 25%; } .wpcpro-row .wpcpro-col-sm-5 { flex: 0 0 20%; max-width: 20%; } .wpcpro-row .wpcpro-col-sm-6 { flex: 0 0 16.66666666666667%; max-width: 16.66666666666667%; } .wpcpro-row .wpcpro-col-sm-7 { flex: 0 0 14.28571428%; max-width: 14.28571428%; } .wpcpro-row .wpcpro-col-sm-8 { flex: 0 0 12.5%; max-width: 12.5%; } } @media (max-width: 480px) { .wpcpro-row .wpcpro-col-xs-1 { flex: 0 0 100%; max-width: 100%; } .wpcpro-row .wpcpro-col-xs-2 { flex: 0 0 50%; max-width: 50%; } .wpcpro-row .wpcpro-col-xs-3 { flex: 0 0 33.222%; max-width: 33.222%; } .wpcpro-row .wpcpro-col-xs-4 { flex: 0 0 25%; max-width: 25%; } .wpcpro-row .wpcpro-col-xs-5 { flex: 0 0 20%; max-width: 20%; } .wpcpro-row .wpcpro-col-xs-6 { flex: 0 0 16.6667%; max-width: 16.6667%; } .wpcpro-row .wpcpro-col-xs-7 { flex: 0 0 14.28571428%; max-width: 14.28571428%; } .wpcpro-row .wpcpro-col-xs-8 { flex: 0 0 12.5%; max-width: 12.5%; } } @media (min-width: 736px) { .wpcpro-row .wpcpro-col-md-1 { flex: 0 0 100%; max-width: 100%; } .wpcpro-row .wpcpro-col-md-2 { flex: 0 0 50%; max-width: 50%; } .wpcpro-row .wpcpro-col-md-2-5 { flex: 0 0 75%; max-width: 75%; } .wpcpro-row .wpcpro-col-md-3 { flex: 0 0 33.333%; max-width: 33.333%; } .wpcpro-row .wpcpro-col-md-4 { flex: 0 0 25%; max-width: 25%; } .wpcpro-row .wpcpro-col-md-5 { flex: 0 0 20%; max-width: 20%; } .wpcpro-row .wpcpro-col-md-6 { flex: 0 0 16.66666666666667%; max-width: 16.66666666666667%; } .wpcpro-row .wpcpro-col-md-7 { flex: 0 0 14.28571428%; max-width: 14.28571428%; } .wpcpro-row .wpcpro-col-md-8 { flex: 0 0 12.5%; max-width: 12.5%; } } @media (min-width: 980px) { .wpcpro-row .wpcpro-col-lg-1 { flex: 0 0 100%; max-width: 100%; } .wpcpro-row .wpcpro-col-lg-2 { flex: 0 0 50%; max-width: 50%; } .wpcpro-row .wpcpro-col-lg-3 { flex: 0 0 33.222%; max-width: 33.222%; } .wpcpro-row .wpcpro-col-lg-4 { flex: 0 0 25%; max-width: 25%; } .wpcpro-row .wpcpro-col-lg-5 { flex: 0 0 20%; max-width: 20%; } .wpcpro-row .wpcpro-col-lg-6 { flex: 0 0 16.6667%; max-width: 16.6667%; } .wpcpro-row .wpcpro-col-lg-7 { flex: 0 0 14.28571428%; max-width: 14.28571428%; } .wpcpro-row .wpcpro-col-lg-8 { flex: 0 0 12.5%; max-width: 12.5%; } } @media (min-width: 1200px) { .wpcpro-row .wpcpro-col-xl-1 { flex: 0 0 100%; max-width: 100%; } .wpcpro-row .wpcpro-col-xl-2 { flex: 0 0 50%; max-width: 50%; } .wpcpro-row .wpcpro-col-xl-3 { flex: 0 0 33.22222222%; max-width: 33.22222222%; } .wpcpro-row .wpcpro-col-xl-4 { flex: 0 0 25%; max-width: 25%; } .wpcpro-row .wpcpro-col-xl-5 { flex: 0 0 20%; max-width: 20%; } .wpcpro-row .wpcpro-col-xl-6 { flex: 0 0 16.66667%; max-width: 16.66667%; } .wpcpro-row .wpcpro-col-xl-7 { flex: 0 0 14.28571428%; max-width: 14.28571428%; } .wpcpro-row .wpcpro-col-xl-8 { flex: 0 0 12.5%; max-width: 12.5%; } }<\/style><div class=\"wpcp-carousel-wrapper wpcp-wrapper-4724\">\n\t<div id=\"wpcp-preloader-4724\" class=\"wpcp-carousel-preloader\"><img src=\"https:\/\/www.urexport.com.uy\/wp-content\/plugins\/wp-carousel-free\/public\/css\/spinner.svg\" alt=\"Preloader Image\" \/><\/div>\t<div class=\"wpcp-carousel-content-wrapper\">\n\t<div id=\"sp-wp-carousel-free-id-4724\" class=\"wpcp-carousel-section sp-wpcp-4724  nav-vertical-center wpcp-image-carousel wpcp-preloader wpcp-standard\" data-swiper='{ \"accessibility\":true, \"spaceBetween\":20, \"arrows\":false, \"freeMode\": false, \"autoplay\":true, \"autoplaySpeed\":3000, \"dots\":false, \"infinite\":true, \"speed\":600, \"pauseOnHover\":true,\n\t\t\t\"slidesToShow\":{\"lg_desktop\":3, \"desktop\": 3, \"laptop\": 2, \"tablet\": 2, \"mobile\": 1}, \"responsive\":{\"desktop\":1200, \"laptop\": 980, \"tablet\": 736, \"mobile\": 480}, \"rtl\":false, \"lazyLoad\": \"false\", \"swipe\": true, \"draggable\": true, \"swipeToSlide\":false }'   dir=\"ltr\">\n\t\t<div class=\"swiper-wrapper\">\n\t\t<div class=\"swiper-slide\">\n\t<div class=\"wpcp-single-item\">\n\t\t\t<div class=\"wpcp-slide-image\">\n\t\t<img class=\"skip-lazy\" src=\"https:\/\/www.urexport.com.uy\/wp-content\/uploads\/2023\/07\/krios-gal-07.jpg\" alt=\"krios-gal-07\" width=\"800\" height=\"533\">\t<\/div>\n\t\t<\/div>\n<\/div>\n\t<div class=\"swiper-slide\">\n\t<div class=\"wpcp-single-item\">\n\t\t\t<div class=\"wpcp-slide-image\">\n\t\t<img class=\"skip-lazy\" src=\"https:\/\/www.urexport.com.uy\/wp-content\/uploads\/2023\/07\/krios-gal-04.jpg\" alt=\"krios-gal-04\" width=\"800\" height=\"533\">\t<\/div>\n\t\t<\/div>\n<\/div>\n\t<div class=\"swiper-slide\">\n\t<div class=\"wpcp-single-item\">\n\t\t\t<div class=\"wpcp-slide-image\">\n\t\t<img class=\"skip-lazy\" src=\"https:\/\/www.urexport.com.uy\/wp-content\/uploads\/2023\/07\/krios-gal-06.jpg\" alt=\"krios-gal-06\" width=\"800\" height=\"533\">\t<\/div>\n\t\t<\/div>\n<\/div>\n\t<div class=\"swiper-slide\">\n\t<div class=\"wpcp-single-item\">\n\t\t\t<div class=\"wpcp-slide-image\">\n\t\t<img class=\"skip-lazy\" src=\"https:\/\/www.urexport.com.uy\/wp-content\/uploads\/2023\/07\/krios06.jpg\" alt=\"krios06\" width=\"800\" height=\"533\">\t<\/div>\n\t\t<\/div>\n<\/div>\n\t<div class=\"swiper-slide\">\n\t<div class=\"wpcp-single-item\">\n\t\t\t<div class=\"wpcp-slide-image\">\n\t\t<img class=\"skip-lazy\" src=\"https:\/\/www.urexport.com.uy\/wp-content\/uploads\/2023\/07\/fnk01.jpg\" alt=\"fnk01\" width=\"800\" height=\"533\">\t<\/div>\n\t\t<\/div>\n<\/div>\n\t<div class=\"swiper-slide\">\n\t<div class=\"wpcp-single-item\">\n\t\t\t<div class=\"wpcp-slide-image\">\n\t\t<img class=\"skip-lazy\" src=\"https:\/\/www.urexport.com.uy\/wp-content\/uploads\/2023\/07\/fnk2.jpg\" alt=\"fnk2\" width=\"800\" height=\"533\">\t<\/div>\n\t\t<\/div>\n<\/div>\n\t<div class=\"swiper-slide\">\n\t<div class=\"wpcp-single-item\">\n\t\t\t<div class=\"wpcp-slide-image\">\n\t\t<img class=\"skip-lazy\" src=\"https:\/\/www.urexport.com.uy\/wp-content\/uploads\/2023\/07\/krios-gal-08.jpg\" alt=\"krios-gal-08\" width=\"800\" height=\"533\">\t<\/div>\n\t\t<\/div>\n<\/div>\n\t<div class=\"swiper-slide\">\n\t<div class=\"wpcp-single-item\">\n\t\t\t<div class=\"wpcp-slide-image\">\n\t\t<img class=\"skip-lazy\" src=\"https:\/\/www.urexport.com.uy\/wp-content\/uploads\/2023\/07\/gal2.jpg\" alt=\"gal2\" width=\"800\" height=\"533\">\t<\/div>\n\t\t<\/div>\n<\/div>\n\t<div class=\"swiper-slide\">\n\t<div class=\"wpcp-single-item\">\n\t\t\t<div class=\"wpcp-slide-image\">\n\t\t<img class=\"skip-lazy\" src=\"https:\/\/www.urexport.com.uy\/wp-content\/uploads\/2023\/07\/gal3.jpg\" alt=\"gal3\" width=\"800\" height=\"533\">\t<\/div>\n\t\t<\/div>\n<\/div>\n\t<div class=\"swiper-slide\">\n\t<div class=\"wpcp-single-item\">\n\t\t\t<div class=\"wpcp-slide-image\">\n\t\t<img class=\"skip-lazy\" src=\"https:\/\/www.urexport.com.uy\/wp-content\/uploads\/2023\/07\/krios-gal-03.jpg\" alt=\"krios-gal-03\" width=\"800\" height=\"533\">\t<\/div>\n\t\t<\/div>\n<\/div>\n\t\t\t<\/div>\n\t\t\t\t<!-- If we need navigation buttons -->\n\t\t\t<\/div>\n\t<\/div>\n<\/div>\n<\/span>[\/vc_column_text][\/vc_column][\/vc_row][vc_row tm_bgcolor=&#8221;grey&#8221; tm_bgimagefixed=&#8221;&#8221; break_in_responsive=&#8221;991&#8243; full_width=&#8221;stretch_row&#8221; tm_responsive_css=&#8221;10323992|colbreak_no|||||||||colbreak_no|||||20px||25px||colbreak_no||||||||||colbreak_no|||||||||&#8221; css=&#8221;.vc_custom_1633539001298{padding-top: 20px !important;padding-bottom: 90px !important;background-color: #ffffff !important;}&#8221;][vc_column width=&#8221;2\/3&#8243;][vc_empty_space height=&#8221;50px&#8221;][vc_column_text css_animation=&#8221;bottom-to-top&#8221;]<img loading=\"lazy\" class=\"alignnone wp-image-241 size-full\" role=\"img\" src=\"https:\/\/www.krios.com.uy\/wp-content\/uploads\/2021\/10\/krios-mapa2.svg\" alt=\"\" width=\"699\" height=\"296\" \/>[\/vc_column_text][\/vc_column][vc_column reduce_extra_padding=&#8221;991&#8243; width=&#8221;1\/3&#8243; css=&#8221;.vc_custom_1549027133600{padding-left: 5px !important;}&#8221;][vc_empty_space]<div class=\"tm-element-heading-wrapper tm-heading-inner tm-element-align-left tm-seperator-none tm-heading-style-vertical \"><section class=\"tm-vc_cta3-container\"><div class=\"tm-vc_general tm-vc_cta3 tm-cta3-only tm-vc_cta3-style-classic tm-vc_cta3-shape-rounded tm-vc_cta3-align-left tm-vc_cta3-color-transparent tm-vc_cta3-icon-size-md tm-vc_cta3-actions-no tm-cta3-without-desc\"><div class=\"tm-vc_cta3_content-container\"><div class=\"tm-vc_cta3-content\"><header class=\"tm-vc_cta3-content-header tm-wrap\"><div class=\"tm-vc_cta3-headers tm-wrap-cell\"><h4 class=\"tm-custom-heading \" >KRIOS al mundo<\/h4>\n<h2 class=\"tm-custom-heading \" >Exportaci\u00f3n<\/h2>\n<\/div><\/header><\/div><\/div><\/div><\/section><\/div> <!-- .tm-element-heading-wrapper container --> [vc_column_text]Nuestros productos se exportan a todos los continentes, y a diversos pa\u00edses como China, Vietnam, Corea del sur, Bangladesh, Pakistan, India, Rusia, Israel, Palestina, Brasil, Canad\u00e1, Servia, B\u00e9lgica, Francia, Espa\u00f1a, Reino Unido, Rep\u00fablica Dominicana, Cuba, Portugal, Italia, Egipto, Senegal, Liberia, Camer\u00fan, Guinea, Costa de Marfil, Guinea Ecuatorial, Togo, Benin, Gana, Angola, Gab\u00f3n, Estados Unidos, Mozambique, Rep\u00fablica del Congo, Rep\u00fablica Democr\u00e1tica del Congo, Nigeria y Namibia.[\/vc_column_text][\/vc_column][\/vc_row]<\/p>\n","protected":false},"excerpt":{"rendered":"<p>[vc_row tm_bgcolor=&#8221;grey&#8221; tm_bgimagefixed=&#8221;&#8221; break_in_responsive=&#8221;991&#8243; full_width=&#8221;stretch_row&#8221; tm_responsive_css=&#8221;10323992|colbreak_no|||||||||colbreak_no|||||20px||25px||colbreak_no||||||||||colbreak_no|||||||||&#8221; css=&#8221;.vc_custom_1688423001834{padding-top: 75px !important;padding-bottom: 30px !important;background-color: #ffffff !important;}&#8221; el_id=&#8221;productos&#8221;][vc_column][vc_row_inner][vc_column_inner width=&#8221;1\/2&#8243;][vc_single_image image=&#8221;4697&#8243; img_size=&#8221;full&#8221; css_animation=&#8221;bottom-to-top&#8221;][\/vc_column_inner][vc_column_inner width=&#8221;1\/2&#8243;][vc_column_text]Desde el mar hasta su mesa, KRIOS ofrece\u00a0 garant\u00eda certificada de naturaleza y calidad.[\/vc_column_text][vc_column_text] Corvina: [\/vc_column_text][vc_column_text]La especie Micropogonias furnieri pertenece a la familia de peces Scianidae. Capturada en las aguas fr\u00edas del R\u00edo de la Plata y &hellip; <a href=\"https:\/\/www.urexport.com.uy\/?page_id=4693\" class=\"more-link\">Continue reading <span class=\"screen-reader-text\">Productos<\/span><\/a><\/p>\n","protected":false},"author":2,"featured_media":0,"parent":0,"menu_order":10,"comment_status":"closed","ping_status":"closed","template":"","meta":[],"_links":{"self":[{"href":"https:\/\/www.urexport.com.uy\/index.php?rest_route=\/wp\/v2\/pages\/4693"}],"collection":[{"href":"https:\/\/www.urexport.com.uy\/index.php?rest_route=\/wp\/v2\/pages"}],"about":[{"href":"https:\/\/www.urexport.com.uy\/index.php?rest_route=\/wp\/v2\/types\/page"}],"author":[{"embeddable":true,"href":"https:\/\/www.urexport.com.uy\/index.php?rest_route=\/wp\/v2\/users\/2"}],"replies":[{"embeddable":true,"href":"https:\/\/www.urexport.com.uy\/index.php?rest_route=%2Fwp%2Fv2%2Fcomments&post=4693"}],"version-history":[{"count":15,"href":"https:\/\/www.urexport.com.uy\/index.php?rest_route=\/wp\/v2\/pages\/4693\/revisions"}],"predecessor-version":[{"id":4806,"href":"https:\/\/www.urexport.com.uy\/index.php?rest_route=\/wp\/v2\/pages\/4693\/revisions\/4806"}],"wp:attachment":[{"href":"https:\/\/www.urexport.com.uy\/index.php?rest_route=%2Fwp%2Fv2%2Fmedia&parent=4693"}],"curies":[{"name":"wp","href":"https:\/\/api.w.org\/{rel}","templated":true}]}}