{"id":4792,"date":"2023-07-07T13:44:52","date_gmt":"2023-07-07T13:44:52","guid":{"rendered":"https:\/\/www.urexport.com.uy\/?page_id=4792"},"modified":"2023-07-07T13:59:59","modified_gmt":"2023-07-07T13:59:59","slug":"trabaje-con-nosotros","status":"publish","type":"page","link":"https:\/\/www.urexport.com.uy\/?page_id=4792","title":{"rendered":"Trabaje con nosotros"},"content":{"rendered":"<p>[vc_row tm_bgcolor=&#8221;grey&#8221; tm_bgimagefixed=&#8221;&#8221; break_in_responsive=&#8221;991&#8243; full_width=&#8221;stretch_row&#8221; tm_responsive_css=&#8221;10323992|colbreak_no|||||||||colbreak_no|||||20px||25px||colbreak_no||||||||||colbreak_no|||||||||&#8221; css=&#8221;.vc_custom_1631027241795{padding-bottom: 50px !important;background-color: #ffffff !important;}&#8221;][vc_column][vc_column_text]Complete los siguientes datos:[\/vc_column_text][vc_column_text]<div class=\"frm_forms  with_frm_style frm_style_estilos-formidable\" id=\"frm_form_3_container\" data-token=\"690c9be96aa76e36a128da4434b04cae\">\n<form enctype=\"multipart\/form-data\" method=\"post\" class=\"frm-show-form  frm_pro_form \" id=\"form_trabajo\"  data-token=\"690c9be96aa76e36a128da4434b04cae\">\n<div class=\"frm_form_fields \">\n<fieldset>\n<legend class=\"frm_screen_reader\">Formulario de trabajo<\/legend>\r\n<h3 class=\"frm_form_title\">Formulario de trabajo<\/h3>\r\n<div class=\"frm_fields_container\">\n<input type=\"hidden\" name=\"frm_action\" value=\"create\" \/>\n<input type=\"hidden\" name=\"form_id\" value=\"3\" \/>\n<input type=\"hidden\" name=\"frm_hide_fields_3\" id=\"frm_hide_fields_3\" value=\"\" \/>\n<input type=\"hidden\" name=\"form_key\" value=\"trabajo\" \/>\n<input type=\"hidden\" name=\"item_meta[0]\" value=\"\" \/>\n<input type=\"hidden\" id=\"frm_submit_entry_3\" name=\"frm_submit_entry_3\" value=\"ce3db9b31c\" \/><input type=\"hidden\" name=\"_wp_http_referer\" value=\"\/index.php?rest_route=%2Fwp%2Fv2%2Fpages%2F4792\" \/><div id=\"frm_field_25_container\" class=\"frm_form_field form-field  frm_required_field frm_top_container frm12 frm_first vertical_radio\">\r\n    <div  id=\"field_g7e4_label\" class=\"frm_primary_label\">CARGO AL QUE POSTULA:\r\n        <span class=\"frm_required\" aria-hidden=\"true\">*<\/span>\r\n    <\/div>\r\n    <div class=\"frm_opt_container\" aria-labelledby=\"field_g7e4_label\" role=\"group\">\t\t<div class=\"frm_radio\" id=\"frm_radio_25-0\"><label for=\"field_g7e4-0\">\t\t<input type=\"radio\" name=\"item_meta[25]\" id=\"field_g7e4-0\" value=\"Planta\"\n\t\t   data-reqmsg=\"This field cannot be blank.\" aria-required=\"true\" data-invmsg=\"CARGO AL QUE POSTULA: no es v\u00e1lido\" aria-invalid=\"false\"  \/> Planta<\/label><\/div>\n\t\t<div class=\"frm_radio\" id=\"frm_radio_25-1\"><label for=\"field_g7e4-1\">\t\t<input type=\"radio\" name=\"item_meta[25]\" id=\"field_g7e4-1\" value=\"Barcos de Pesca\"\n\t\t   data-reqmsg=\"This field cannot be blank.\" aria-required=\"true\" data-invmsg=\"CARGO AL QUE POSTULA: no es v\u00e1lido\" aria-invalid=\"false\"  \/> Barcos de Pesca<\/label><\/div>\n\t\t<div class=\"frm_radio\" id=\"frm_radio_25-2\"><label for=\"field_g7e4-2\">\t\t<input type=\"radio\" name=\"item_meta[25]\" id=\"field_g7e4-2\" value=\"Administraci\u00f3n\"\n\t\t   data-reqmsg=\"This field cannot be blank.\" aria-required=\"true\" data-invmsg=\"CARGO AL QUE POSTULA: no es v\u00e1lido\" aria-invalid=\"false\"  \/> Administraci\u00f3n<\/label><\/div>\n<\/div>\r\n    \r\n    \r\n<\/div>\n<div id=\"frm_field_26_container\" class=\"frm_form_field form-field  frm_required_field frm_top_container frm12 frm_first vertical_radio\">\r\n    <div  id=\"field_kzl1e_label\" class=\"frm_primary_label\">Tipo de trabajo en Planta\r\n        <span class=\"frm_required\" aria-hidden=\"true\">*<\/span>\r\n    <\/div>\r\n    <div class=\"frm_opt_container\" aria-labelledby=\"field_kzl1e_label\" role=\"group\">\t\t<div class=\"frm_radio\" id=\"frm_radio_26-0\"><label for=\"field_kzl1e-0\">\t\t<input type=\"radio\" name=\"item_meta[26]\" id=\"field_kzl1e-0\" value=\"Pe\u00f3n\"\n\t\t   data-reqmsg=\"Este campo no puede estar en blanco.\" aria-required=\"true\" data-invmsg=\"Tipo de trabajo en Planta no es v\u00e1lido\" aria-invalid=\"false\"  \/> Pe\u00f3n<\/label><\/div>\n\t\t<div class=\"frm_radio\" id=\"frm_radio_26-1\"><label for=\"field_kzl1e-1\">\t\t<input type=\"radio\" name=\"item_meta[26]\" id=\"field_kzl1e-1\" value=\"Pe\u00f3n calificado\"\n\t\t   data-reqmsg=\"Este campo no puede estar en blanco.\" aria-required=\"true\" data-invmsg=\"Tipo de trabajo en Planta no es v\u00e1lido\" aria-invalid=\"false\"  \/> Pe\u00f3n calificado<\/label><\/div>\n\t\t<div class=\"frm_radio\" id=\"frm_radio_26-2\"><label for=\"field_kzl1e-2\">\t\t<input type=\"radio\" name=\"item_meta[26]\" id=\"field_kzl1e-2\" value=\"Filetero\"\n\t\t   data-reqmsg=\"Este campo no puede estar en blanco.\" aria-required=\"true\" data-invmsg=\"Tipo de trabajo en Planta no es v\u00e1lido\" aria-invalid=\"false\"  \/> Filetero<\/label><\/div>\n\t\t<div class=\"frm_radio\" id=\"frm_radio_26-3\"><label for=\"field_kzl1e-3\">\t\t<input type=\"radio\" name=\"item_meta[26]\" id=\"field_kzl1e-3\" value=\"Encargado de Producci\u00f3n\"\n\t\t   data-reqmsg=\"Este campo no puede estar en blanco.\" aria-required=\"true\" data-invmsg=\"Tipo de trabajo en Planta no es v\u00e1lido\" aria-invalid=\"false\"  \/> Encargado de Producci\u00f3n<\/label><\/div>\n\t\t<div class=\"frm_radio\" id=\"frm_radio_26-4\"><label for=\"field_kzl1e-4\">\t\t<input type=\"radio\" name=\"item_meta[26]\" id=\"field_kzl1e-4\" value=\"Mantenimiento\"\n\t\t   data-reqmsg=\"Este campo no puede estar en blanco.\" aria-required=\"true\" data-invmsg=\"Tipo de trabajo en Planta no es v\u00e1lido\" aria-invalid=\"false\"  \/> Mantenimiento<\/label><\/div>\n\t\t<div class=\"frm_radio\" id=\"frm_radio_26-5\"><label for=\"field_kzl1e-5\">\t\t<input type=\"radio\" name=\"item_meta[26]\" id=\"field_kzl1e-5\" value=\"Limpieza\"\n\t\t   data-reqmsg=\"Este campo no puede estar en blanco.\" aria-required=\"true\" data-invmsg=\"Tipo de trabajo en Planta no es v\u00e1lido\" aria-invalid=\"false\"  \/> Limpieza<\/label><\/div>\n\t\t<div class=\"frm_radio\" id=\"frm_radio_26-6\"><label for=\"field_kzl1e-6\">\t\t<input type=\"radio\" name=\"item_meta[26]\" id=\"field_kzl1e-6\" value=\"Frigorista NH3\"\n\t\t   data-reqmsg=\"Este campo no puede estar en blanco.\" aria-required=\"true\" data-invmsg=\"Tipo de trabajo en Planta no es v\u00e1lido\" aria-invalid=\"false\"  \/> Frigorista NH3<\/label><\/div>\n<\/div>\r\n    \r\n    \r\n<\/div>\n<div id=\"frm_field_27_container\" class=\"frm_form_field form-field  frm_required_field frm_top_container vertical_radio\">\r\n    <div  id=\"field_6arug_label\" class=\"frm_primary_label\">Barcos de Pesca\r\n        <span class=\"frm_required\" aria-hidden=\"true\">*<\/span>\r\n    <\/div>\r\n    <div class=\"frm_opt_container\" aria-labelledby=\"field_6arug_label\" role=\"group\">\t\t<div class=\"frm_radio\" id=\"frm_radio_27-0\"><label for=\"field_6arug-0\">\t\t<input type=\"radio\" name=\"item_meta[27]\" id=\"field_6arug-0\" value=\"Patr\u00f3n de pesca\"\n\t\t   data-reqmsg=\"Este campo no puede estar en blanco.\" aria-required=\"true\" data-invmsg=\"Barcos de Pesca no es v\u00e1lido\" aria-invalid=\"false\"  \/> Patr\u00f3n de pesca<\/label><\/div>\n\t\t<div class=\"frm_radio\" id=\"frm_radio_27-1\"><label for=\"field_6arug-1\">\t\t<input type=\"radio\" name=\"item_meta[27]\" id=\"field_6arug-1\" value=\"Maquinista de abordo\"\n\t\t   data-reqmsg=\"Este campo no puede estar en blanco.\" aria-required=\"true\" data-invmsg=\"Barcos de Pesca no es v\u00e1lido\" aria-invalid=\"false\"  \/> Maquinista de abordo<\/label><\/div>\n\t\t<div class=\"frm_radio\" id=\"frm_radio_27-2\"><label for=\"field_6arug-2\">\t\t<input type=\"radio\" name=\"item_meta[27]\" id=\"field_6arug-2\" value=\"Marinero de pesca\"\n\t\t   data-reqmsg=\"Este campo no puede estar en blanco.\" aria-required=\"true\" data-invmsg=\"Barcos de Pesca no es v\u00e1lido\" aria-invalid=\"false\"  \/> Marinero de pesca<\/label><\/div>\n\t\t<div class=\"frm_radio\" id=\"frm_radio_27-3\"><label for=\"field_6arug-3\">\t\t<input type=\"radio\" name=\"item_meta[27]\" id=\"field_6arug-3\" value=\"Aprendiz de pesca\"\n\t\t   data-reqmsg=\"Este campo no puede estar en blanco.\" aria-required=\"true\" data-invmsg=\"Barcos de Pesca no es v\u00e1lido\" aria-invalid=\"false\"  \/> Aprendiz de pesca<\/label><\/div>\n<\/div>\r\n    \r\n    \r\n<\/div>\n<div id=\"frm_field_28_container\" class=\"frm_form_field form-field  frm_required_field frm_top_container frm12 frm_first vertical_radio\">\r\n    <div  id=\"field_8unac_label\" class=\"frm_primary_label\">Administraci\u00f3n\r\n        <span class=\"frm_required\" aria-hidden=\"true\">*<\/span>\r\n    <\/div>\r\n    <div class=\"frm_opt_container\" aria-labelledby=\"field_8unac_label\" role=\"group\">\t\t<div class=\"frm_radio\" id=\"frm_radio_28-0\"><label for=\"field_8unac-0\">\t\t<input type=\"radio\" name=\"item_meta[28]\" id=\"field_8unac-0\" value=\"Auxiliar de Administraci\u00f3n\"\n\t\t   data-reqmsg=\"Este campo no puede estar en blanco.\" aria-required=\"true\" data-invmsg=\"Administraci\u00f3n no es v\u00e1lido\" aria-invalid=\"false\"  \/> Auxiliar de Administraci\u00f3n<\/label><\/div>\n\t\t<div class=\"frm_radio\" id=\"frm_radio_28-1\"><label for=\"field_8unac-1\">\t\t<input type=\"radio\" name=\"item_meta[28]\" id=\"field_8unac-1\" value=\"Asistente de Negocios con el Exterior\"\n\t\t   data-reqmsg=\"Este campo no puede estar en blanco.\" aria-required=\"true\" data-invmsg=\"Administraci\u00f3n no es v\u00e1lido\" aria-invalid=\"false\"  \/> Asistente de Negocios con el Exterior<\/label><\/div>\n\t\t<div class=\"frm_radio\" id=\"frm_radio_28-2\"><label for=\"field_8unac-2\">\t\t<input type=\"radio\" name=\"item_meta[28]\" id=\"field_8unac-2\" value=\"Log\u00edstica\"\n\t\t   data-reqmsg=\"Este campo no puede estar en blanco.\" aria-required=\"true\" data-invmsg=\"Administraci\u00f3n no es v\u00e1lido\" aria-invalid=\"false\"  \/> Log\u00edstica<\/label><\/div>\n<\/div>\r\n    \r\n    \r\n<\/div>\n<div id=\"frm_field_29_container\" class=\"frm_form_field form-field  frm_required_field frm_top_container frm6 frm_first\">\r\n    <label for=\"field_vn8gw\" id=\"field_vn8gw_label\" class=\"frm_primary_label\">Nombre\r\n        <span class=\"frm_required\" aria-hidden=\"true\">*<\/span>\r\n    <\/label>\r\n    <input type=\"text\" id=\"field_vn8gw\" name=\"item_meta[29]\" value=\"\"  data-reqmsg=\"Este campo no puede estar en blanco.\" aria-required=\"true\" data-invmsg=\"Text is invalid\" aria-invalid=\"false\"  \/>\r\n    \r\n    \r\n<\/div>\n<div id=\"frm_field_30_container\" class=\"frm_form_field form-field  frm_required_field frm_top_container frm6\">\r\n    <label for=\"field_97iec\" id=\"field_97iec_label\" class=\"frm_primary_label\">Apellido\r\n        <span class=\"frm_required\" aria-hidden=\"true\">*<\/span>\r\n    <\/label>\r\n    <input type=\"text\" id=\"field_97iec\" name=\"item_meta[30]\" value=\"\"  data-reqmsg=\"Este campo no puede estar en blanco.\" aria-required=\"true\" data-invmsg=\"Text is invalid\" aria-invalid=\"false\"  \/>\r\n    \r\n    \r\n<\/div>\n<div id=\"frm_field_31_container\" class=\"frm_form_field form-field  frm_required_field frm_top_container frm4 frm_first\">\r\n    <label for=\"field_werm9\" id=\"field_werm9_label\" class=\"frm_primary_label\">Edad\r\n        <span class=\"frm_required\" aria-hidden=\"true\">*<\/span>\r\n    <\/label>\r\n    <input type=\"text\" id=\"field_werm9\" name=\"item_meta[31]\" value=\"\"  data-reqmsg=\"Este campo no puede estar en blanco.\" aria-required=\"true\" data-invmsg=\"Text is invalid\" aria-invalid=\"false\"  \/>\r\n    \r\n    \r\n<\/div>\n<div id=\"frm_field_32_container\" class=\"frm_form_field form-field  frm_required_field frm_top_container frm4\">\r\n    <label for=\"field_4bigp\" id=\"field_4bigp_label\" class=\"frm_primary_label\">C.I.\r\n        <span class=\"frm_required\" aria-hidden=\"true\">*<\/span>\r\n    <\/label>\r\n    <input type=\"text\" id=\"field_4bigp\" name=\"item_meta[32]\" value=\"\"  data-reqmsg=\"Este campo no puede estar en blanco.\" aria-required=\"true\" data-invmsg=\"Text is invalid\" aria-invalid=\"false\"  \/>\r\n    \r\n    \r\n<\/div>\n<div id=\"frm_field_33_container\" class=\"frm_form_field form-field  frm_required_field frm_top_container frm4\">\r\n    <label for=\"field_4g5cq\" id=\"field_4g5cq_label\" class=\"frm_primary_label\">Nacionalidad\r\n        <span class=\"frm_required\" aria-hidden=\"true\">*<\/span>\r\n    <\/label>\r\n    <input type=\"text\" id=\"field_4g5cq\" name=\"item_meta[33]\" value=\"\"  data-reqmsg=\"Este campo no puede estar en blanco.\" aria-required=\"true\" data-invmsg=\"Text is invalid\" aria-invalid=\"false\"  \/>\r\n    \r\n    \r\n<\/div>\n<div id=\"frm_field_34_container\" class=\"frm_form_field form-field  frm_required_field frm_top_container frm4 frm_first\">\r\n    <label for=\"field_bw4yj\" id=\"field_bw4yj_label\" class=\"frm_primary_label\">Nro. de Tel\u00e9fono m\u00f3vil\r\n        <span class=\"frm_required\" aria-hidden=\"true\">*<\/span>\r\n    <\/label>\r\n    <input type=\"text\" id=\"field_bw4yj\" name=\"item_meta[34]\" value=\"\"  data-reqmsg=\"This field cannot be blank.\" aria-required=\"true\" data-invmsg=\"Text is invalid\" aria-invalid=\"false\"  \/>\r\n    \r\n    \r\n<\/div>\n<div id=\"frm_field_35_container\" class=\"frm_form_field form-field  frm_required_field frm_top_container frm4\">\r\n    <label for=\"field_aptnc\" id=\"field_aptnc_label\" class=\"frm_primary_label\">Email\r\n        <span class=\"frm_required\" aria-hidden=\"true\">*<\/span>\r\n    <\/label>\r\n    <input type=\"email\" id=\"field_aptnc\" name=\"item_meta[35]\" value=\"\"  data-reqmsg=\"This field cannot be blank.\" aria-required=\"true\" data-invmsg=\"Email is invalid\" aria-invalid=\"false\"  \/>\r\n    \r\n    \r\n<\/div>\n<div id=\"frm_field_36_container\" class=\"frm_form_field form-field  frm_required_field frm_top_container frm4\">\r\n    <label for=\"field_x0vcw\" id=\"field_x0vcw_label\" class=\"frm_primary_label\">Estado Civil\r\n        <span class=\"frm_required\" aria-hidden=\"true\">*<\/span>\r\n    <\/label>\r\n    \t\t<select name=\"item_meta[36]\" id=\"field_x0vcw\"  data-reqmsg=\"This field cannot be blank.\" aria-required=\"true\" data-invmsg=\"Estado Civil no es v\u00e1lido\" aria-invalid=\"false\"  >\n\t\t\t\t<option  value=\"Soltero\/a\">\n\t\t\tSoltero\/a\t\t<\/option>\n\t\t\t\t<option  value=\"Casado\/a\">\n\t\t\tCasado\/a\t\t<\/option>\n\t\t\t\t<option  value=\"Uni\u00f3n Concubinaria\">\n\t\t\tUni\u00f3n Concubinaria\t\t<\/option>\n\t\t\t\t<option  value=\"Divorciado\/a\">\n\t\t\tDivorciado\/a\t\t<\/option>\n\t\t\t\t<option  value=\"Viudo\/a\">\n\t\t\tViudo\/a\t\t<\/option>\n\t\t\t<\/select>\n\t\r\n    \r\n    \r\n<\/div>\n<div id=\"frm_field_37_container\" class=\"frm_form_field form-field  frm_required_field frm_top_container frm9 frm_first\">\r\n    <label for=\"field_uq6xv\" id=\"field_uq6xv_label\" class=\"frm_primary_label\">Domicilio\r\n        <span class=\"frm_required\" aria-hidden=\"true\">*<\/span>\r\n    <\/label>\r\n    <input type=\"text\" id=\"field_uq6xv\" name=\"item_meta[37]\" value=\"\"  data-reqmsg=\"This field cannot be blank.\" aria-required=\"true\" data-invmsg=\"Text is invalid\" aria-invalid=\"false\"  \/>\r\n    \r\n    \r\n<\/div>\n<div id=\"frm_field_38_container\" class=\"frm_form_field form-field  frm_required_field frm_top_container frm3\">\r\n    <label for=\"field_5jir4\" id=\"field_5jir4_label\" class=\"frm_primary_label\">Ciudad\r\n        <span class=\"frm_required\" aria-hidden=\"true\">*<\/span>\r\n    <\/label>\r\n    <input type=\"text\" id=\"field_5jir4\" name=\"item_meta[38]\" value=\"\"  data-reqmsg=\"This field cannot be blank.\" aria-required=\"true\" data-invmsg=\"Text is invalid\" aria-invalid=\"false\"  \/>\r\n    \r\n    \r\n<\/div>\n<div id=\"frm_field_39_container\" class=\"frm_form_field form-field  frm_required_field frm_top_container\">\r\n    <label for=\"field_vmih2\" id=\"field_vmih2_label\" class=\"frm_primary_label\">Estudios realizados: Breve detalle (ense\u00f1anza primaria\/secundaria, estudios t\u00e9cnicos, t\u00edtulo Universitario).\r\n        <span class=\"frm_required\" aria-hidden=\"true\">*<\/span>\r\n    <\/label>\r\n    <textarea name=\"item_meta[39]\" id=\"field_vmih2\" rows=\"4\"  data-reqmsg=\"This field cannot be blank.\" aria-required=\"true\" data-invmsg=\"Estudios realizados: Breve detalle (ense\u00f1anza primaria\/secundaria, estudios t\u00e9cnicos, t\u00edtulo Universitario). no es v\u00e1lido\" aria-invalid=\"false\"  ><\/textarea>\r\n    \r\n    \r\n<\/div>\n<div id=\"frm_field_40_container\" class=\"frm_form_field form-field  frm_required_field frm_top_container\">\r\n    <label for=\"field_6ew7b\" id=\"field_6ew7b_label\" class=\"frm_primary_label\">Idiomas: \r\n        <span class=\"frm_required\" aria-hidden=\"true\">*<\/span>\r\n    <\/label>\r\n    <textarea name=\"item_meta[40]\" id=\"field_6ew7b\" rows=\"4\"  data-reqmsg=\"This field cannot be blank.\" aria-required=\"true\" data-invmsg=\"Idiomas:  no es v\u00e1lido\" aria-invalid=\"false\"  ><\/textarea>\r\n    \r\n    \r\n<\/div>\n<div id=\"frm_field_41_container\" class=\"frm_form_field form-field  frm_required_field frm_top_container\">\r\n    <label for=\"field_hzcpi\" id=\"field_hzcpi_label\" class=\"frm_primary_label\">Experiencia Laboral: \u00faltimos tres empleos (detallar empresa, per\u00edodo trabajado y cargo)\r\n        <span class=\"frm_required\" aria-hidden=\"true\">*<\/span>\r\n    <\/label>\r\n    <textarea name=\"item_meta[41]\" id=\"field_hzcpi\" rows=\"4\"  data-reqmsg=\"This field cannot be blank.\" aria-required=\"true\" data-invmsg=\"Experiencia Laboral: \u00faltimos tres empleos (detallar empresa, per\u00edodo trabajado y cargo) no es v\u00e1lido\" aria-invalid=\"false\"  ><\/textarea>\r\n    \r\n    \r\n<\/div>\n<div id=\"frm_field_42_container\" class=\"frm_form_field form-field  frm_required_field frm_top_container\">\r\n    <label for=\"field_xp3bb\" id=\"field_xp3bb_label\" class=\"frm_primary_label\">Referencias laborales (detallar nombre, empresa, cargo y tel\u00e9fono de contacto)\r\n        <span class=\"frm_required\" aria-hidden=\"true\">*<\/span>\r\n    <\/label>\r\n    <textarea name=\"item_meta[42]\" id=\"field_xp3bb\" rows=\"5\"  data-reqmsg=\"This field cannot be blank.\" aria-required=\"true\" data-invmsg=\"Referencias laborales (detallar nombre, empresa, cargo y tel\u00e9fono de contacto) no es v\u00e1lido\" aria-invalid=\"false\"  ><\/textarea>\r\n    \r\n    \r\n<\/div>\n<div id=\"frm_field_43_container\" class=\"frm_form_field form-field  frm_required_field frm_top_container\">\r\n    <label for=\"field_8co1p\" id=\"field_8co1p_label\" class=\"frm_primary_label\">Adjuntar curriculum vitae con foto\r\n        <span class=\"frm_required\" aria-hidden=\"true\">*<\/span>\r\n    <\/label>\r\n    <input type=\"hidden\" name=\"item_meta[43]\"  data-reqmsg=\"This field cannot be blank.\"  value=\"\" data-frmfile=\"43\" \/>\n\n<div class=\"frm_dropzone frm_single_upload frm_clearfix\" id=\"file43_dropzone\" role=\"group\" >\n\t<div class=\"fallback\">\n\t\t<input type=\"file\" name=\"file43\" id=\"field_8co1p\"\n\t\t\t data-reqmsg=\"This field cannot be blank.\" data-invmsg=\"File Upload is invalid\" aria-invalid=\"false\"  \t\t\t\/>\n\t\t\t\t<div class=\"frm_clearfix \"><\/div>\n\t<\/div>\n\t<div class=\"dz-message needsclick\">\n\t\t<span class=\"frm_icon_font frm_upload_icon\"><\/span>\n\t\t<span class=\"frm_upload_text\"><button type=\"button\">Arrastra un archivo aqu\u00ed o haz clic para cargar<\/button><\/span>\n\t\t<span class=\"frm_compact_text\"><button type=\"button\">Seleccionar Archivo<\/button><\/span>\n\t\t<div class=\"frm_small_text\">\n\t\t\tTama\u00f1o m\u00e1ximo de archivo:  8.39MB\t\t<\/div>\n\t<\/div>\n<\/div>\n\r\n    \r\n    \r\n<\/div>\n\t<input type=\"hidden\" name=\"item_key\" value=\"\" \/>\n\t\t\t\t<div class=\"frm_verify\" aria-hidden=\"true\">\n\t\t\t\t<label for=\"frm_email_3\">\n\t\t\t\t\tSi eres humano, deja este campo en blanco.\t\t\t\t<\/label>\n\t\t\t\t<input type=\"text\" class=\"frm_verify\" id=\"frm_email_3\" name=\"frm_verify\" value=\"\"  \/>\n\t\t\t<\/div>\n\t\t<input name=\"frm_state\" type=\"hidden\" value=\"LlO4XQ3mw2+IRkhBynVWGVy1L42uruitwRkeBZlvNxs=\" \/><div class=\"frm_submit\">\r\n\r\n<button class=\"frm_button_submit frm_final_submit\" type=\"submit\"   formnovalidate=\"formnovalidate\">Enviar<\/button>\r\n\r\n\r\n<\/div><\/div>\n<\/fieldset>\n<\/div>\n<\/form>\n<\/div>\n[\/vc_column_text][\/vc_column][\/vc_row]<\/p>\n","protected":false},"excerpt":{"rendered":"<p>[vc_row tm_bgcolor=&#8221;grey&#8221; tm_bgimagefixed=&#8221;&#8221; break_in_responsive=&#8221;991&#8243; full_width=&#8221;stretch_row&#8221; tm_responsive_css=&#8221;10323992|colbreak_no|||||||||colbreak_no|||||20px||25px||colbreak_no||||||||||colbreak_no|||||||||&#8221; css=&#8221;.vc_custom_1631027241795{padding-bottom: 50px !important;background-color: #ffffff !important;}&#8221;][vc_column][vc_column_text]Complete los siguientes datos:[\/vc_column_text][vc_column_text][\/vc_column_text][\/vc_column][\/vc_row]<\/p>\n","protected":false},"author":2,"featured_media":0,"parent":0,"menu_order":10,"comment_status":"closed","ping_status":"closed","template":"","meta":[],"_links":{"self":[{"href":"https:\/\/www.urexport.com.uy\/index.php?rest_route=\/wp\/v2\/pages\/4792"}],"collection":[{"href":"https:\/\/www.urexport.com.uy\/index.php?rest_route=\/wp\/v2\/pages"}],"about":[{"href":"https:\/\/www.urexport.com.uy\/index.php?rest_route=\/wp\/v2\/types\/page"}],"author":[{"embeddable":true,"href":"https:\/\/www.urexport.com.uy\/index.php?rest_route=\/wp\/v2\/users\/2"}],"replies":[{"embeddable":true,"href":"https:\/\/www.urexport.com.uy\/index.php?rest_route=%2Fwp%2Fv2%2Fcomments&post=4792"}],"version-history":[{"count":4,"href":"https:\/\/www.urexport.com.uy\/index.php?rest_route=\/wp\/v2\/pages\/4792\/revisions"}],"predecessor-version":[{"id":4799,"href":"https:\/\/www.urexport.com.uy\/index.php?rest_route=\/wp\/v2\/pages\/4792\/revisions\/4799"}],"wp:attachment":[{"href":"https:\/\/www.urexport.com.uy\/index.php?rest_route=%2Fwp%2Fv2%2Fmedia&parent=4792"}],"curies":[{"name":"wp","href":"https:\/\/api.w.org\/{rel}","templated":true}]}}